r(n) be the first derivative of 6*n + 12 - 1/2*n**2 + 1/4*n**4 - 11/3*n**3. Let l be r(11). Give o(l).
-5
Let l = 6 - 5. Let u = 23 - l. Suppose 2*z + i = 12, -3*i = 4*z - 6 - u. Let k(r) = -3*r + 5. Calculate k(z).
-7
Let g(p) = -p**3 - 7*p**2 + 30*p + 3. Suppose -2*w + 111 = i + 129, 3*w + 12 = 0. Calculate g(i).
3
Let j be (-70)/(-22) - (-18)/(-99). Let n(t) be the third derivative of 0 + 1/24*t**4 + 0*t - 17*t**2 + 2/3*t**j. Determine n(-9).
-5
Suppose -b + 152 = -3*c, -240 = 2*c + 3*c - 5*b. Let j be c + (12/(-1))/(-3). Let u = -46 - j. Let a(d) = d - 1. Give a(u).
1
Let a(g) be the second derivative of 41*g**3/6 - 283*g**2/2 + 47*g + 52. Calculate a(7).
4
Let m(y) = -y**3 - y**2 + 2. Let p(r) = 11*r**2 + 29*r + 8. Let c(i) = -7*i**2 - 19*i - 5. Let f(b) = -8*c(b) - 5*p(b). Let j be f(-7). What is m(j)?
2
Let u be ((4 - 4)/2)/(-2). Suppose u = v - 3, 3*v - 4*v - 9 = -4*o. Let q(f) = 10*f**o + 14 + 6*f**2 - 16 - 9*f**3. Calculate q(-6).
-2
Let c(g) be the second derivative of g**5/20 - g**4/6 - 7*g**3/2 - 9*g**2 - 1399*g. Give c(6).
0
Let u(i) = -5*i. Let j(x) = x. Let d(n) = -18*j(n) - 4*u(n). Let t be (2/4)/((-14)/616). Let y = 27 + t. Calculate d(y).
10
Let l(j) = -7*j**2 + 20*j + 18. Let u(w) = 2*w + 51. Let d be u(-24). Let x(z) = 4*z**2 - 10*z - 9. Let o(v) = d*l(v) + 5*x(v). Give o(9).
18
Let b(k) = -k + 8. Let f be b(4). Let w be -1 + (200/5)/8. Let d(a) = w - a - 3 - 11*a**2 + 0*a - 2*a + 12*a**2. Give d(f).
5
Let i(h) = 13*h + 195. Suppose -5*n = -4*x + 87, 2*n + 565*x = 570*x - 45. Determine i(n).
0
Let v be (-102)/(-6) - -1 - 2. Suppose 8*d - 40 = v*d. Let i(j) = 2*j**2 + 8*j - 1. What is i(d)?
9
Let m(g) = -2*g**2 - 7*g + 9. Let h be m(-9). Let a be 20/h*(-1)/((-1)/(-9)). Let i(b) = b - 1. Give i(a).
1
Let q(x) = 15*x + 26. Suppose -476*o + 505*o + 63 + 53 = 0. What is q(o)?
-34
Suppose -2756*f - 38 - 20 = -2785*f. Let u(m) = -11*m**3 + 17*m**2 - 4*m - 11. Let v(t) = 4*t**3 - 6*t**2 + t + 4. Let r(a) = 3*u(a) + 8*v(a). Calculate r(f).
-5
Let i be -5*(660/(-50) + 12). Let r(h) be the third derivative of 9*h**2 - 1/24*h**4 - 2*h**3 - 1/120*h**i + 0 + 0*h - 3/20*h**5. Determine r(-9).
-3
Let w be (-1 - -2)/((-5)/(-10)). Let i(m) = -17*m - 2*m + 4 + 5*m + 6*m - m**w. What is i(-4)?
20
Let y = -25 - -39. Let x(c) = -y + c - 4*c + 5. Let v be x(-5). Let w(q) = -q + 6. Give w(v).
0
Let u(t) = -33*t - 383. Let i be u(-12). Let k(g) = -g + 2. Calculate k(i).
-11
Let n(x) = 266*x**3 + 11*x**2 - 3*x + 2*x - 499*x**3 + 234*x**3 - 25. Give n(-11).
-14
Let z(n) = -5*n**2 + 2*n - 1. Let u(i) = -68 + 10 + 5*i + 5*i + 15*i - 41. Let o be u(4). What is z(o)?
-4
Let z = -8 - -4. Let b(x) = -21*x**2 + 33*x + 41. Let o(s) = -13*s**2 + 20*s + 25. Let g(w) = -8*b(w) + 13*o(w). Calculate g(z).
-3
Let f(h) = -19*h + 155. Let m(r) = -2*r + 40. Let p(t) = f(t) - 4*m(t). What is p(1)?
-16
Let x(g) = -3*g**2 - 4*g + 10. Let q(c) = -9 + 2*c - 4*c + 3 - 2*c + 2*c**2 + 6*c. Let k(l) = 5*q(l) + 3*x(l). Determine k(3).
3
Let n(c) = 3*c**2 + 12*c - 80. Let s be n(-8). Let u(d) = d**3 + 13*d**2 - 3*d**2 - 3*d - s*d**2 + 6. Give u(6).
-12
Let x(b) = -11*b + 17. Suppose 3*y - 4*g + 41 = 0, -25*y = -24*y - g + 11. Calculate x(y).
50
Let w(c) = -17*c**3 + 6*c**2 + 6*c + 22. Let t(a) = -47*a**3 + 18*a**2 + 19*a + 64. Let b(v) = -4*t(v) + 11*w(v). Calculate b(8).
34
Let n = -4351 + 4346. Let o(m) = 5*m + 32. Calculate o(n).
7
Let f(v) = -4*v**3 + 76*v**2 - 74*v + 35. Let c be f(18). Let g(m) = -2*m**2. Let a(n) = n**2 + n. Let j(q) = -a(q) + g(q). Give j(c).
-2
Let m(w) = -w**3 + 4*w**2 + 3*w + 3. Let u be 10/(-25) + 168/20. Let v be (6 - u)/((-6)/87). Let p = v + -24. Determine m(p).
-7
Let k(m) = m**3 + 5*m**2 - 10. Let z be k(-4). Suppose z*f = -51 + 15. Let d(w) = w**2 + 5*w - 4. What is d(f)?
2
Let j(v) be the second derivative of -3*v**4/4 + 23*v**3/6 - 2*v**2 + 14792*v. Calculate j(2).
6
Suppose 1594 - 1514 = -8*t - 0*t. Let r(d) = d**3 + 13*d**2 + 27*d + 31. Calculate r(t).
61
Let z(w) = w**2 - 2*w. Let i be z(2). Suppose 5*q + 13 = 4*y, 5*q + i = -3*y + 1. Let b(p) = 5 + 5 + y*p + 10*p - 11. Give b(1).
11
Suppose 7*i - 27 = 9*i + 5*x, -3*x = 21. Let z(n) = -2*n**2 - 33*n + 153. Give z(i).
-11
Let t(a) = 11*a + 7. Let m(n) = 28*n - 281. Let o be m(10). Let k(x) = -2*x - 1. Let q(s) = o*t(s) - 6*k(s). Give q(-3).
-4
Let p = 38873 - 38853. Let o(q) be the first derivative of -q**3/3 + 21*q**2/2 - 13*q - 3. Give o(p).
7
Let h(v) = -11*v - 1. Let d(z) = 3*z. Let r(o) = 9*d(o) + 2*h(o). Let p(c) = 6*c - 2. Let x(m) = 2*p(m) - 3*r(m). Determine x(4).
-10
Let k(j) = j**3 - 4*j**2 - 5*j + 7. Let x = 140 + -128. Let d be (-116)/((2/2)/((-6)/x)). Suppose 38 = -4*g + d. Determine k(g).
7
Suppose -4*j - 10 = c, -2*c = 5*j - 9*j - 16. Let m(v) be the second derivative of -1/6*v**3 + 0 - v - 1/2*v**c. Give m(-1).
0
Let s = -1 - -3. Let i = 557 + -553. Let w(x) = -6*x + 1 + i*x - s*x + 3*x. Give w(-7).
8
Let r(v) be the third derivative of 7*v**5/60 - v**3/6 - 598*v**2. Let g(w) = -w - 8. Let d be g(-7). Let s be 1*d*(-6)/(-6). What is r(s)?
6
Let a(u) = u**2 - 2*u - 2. Let z be a(3). Let n(p) = 161*p - 351. Let s(h) = 141*h - 301. Let c(l) = -6*n(l) + 7*s(l). Determine c(z).
20
Let w be ((-1 - -1)/14)/1. Let f(t) = -2*t**2 + 7. Calculate f(w).
7
Let g(k) be the third derivative of -k**8/3360 + k**7/1260 + k**6/720 - 205*k**4/24 - 8*k**2 + k. Let h(q) be the second derivative of g(q). What is h(-2)?
22
Suppose -7*c - 7 = d, -4*c + 3*d + 31 = 35. Let s(y) = -4 + y - 3 + 6. Calculate s(c).
-2
Let m(a) be the third derivative of a**6/120 + 11*a**5/60 - a**4 + 25*a**3/6 - 177*a**2 - 3. Determine m(-13).
-1
Let c(t) be the second derivative of -t**6/720 + 7*t**5/120 + 12*t**4 - 167*t. Let z(k) be the third derivative of c(k). What is z(9)?
-2
Suppose -34*c - 88 - 48 = 0. Let k be ((-27)/(-12) - 1)*c. Let j(i) = i**3 + 6*i**2 + 2*i - 3. What is j(k)?
12
Suppose -z = -2, -g - 6 = 4*z - 18. Let f(q) = q**2 + q - 4. Let c(n) = 2*n**2 - 4. Let r(i) = 2*c(i) - 3*f(i). Calculate r(g).
8
Let d(n) = -2*n**2 - 8*n - n**2 + 131 - 74 + 2*n**2 - 69. Calculate d(-13).
-77
Let z = -917 - -921. Let w(j) be the first derivative of -z*j - 3/2*j**2 - 12. Calculate w(-3).
5
Let q be 1/(-2)*6 + -1. Let n(k) = -3*k**3 - 19*k**2 + 14*k + 2. Let s(i) = i**3 + 6*i**2 - 4*i. Let v(d) = -2*n(d) - 7*s(d). What is v(q)?
-4
Let v(b) = -b**2 + 13*b + 3. Let p(u) = -u**2 + u. Let x(o) = 2*p(o) - v(o). Suppose -334*l + 332*l - 14 = 0, -2*l - 44 = 3*h. What is x(h)?
7
Let y be 428/(-54) - 2/27. Let f(v) = v**3 + 8*v**2 - 3*v - 19. Let r be f(y). Let p(x) = x**2 - 7*x + 2. Calculate p(r).
-8
Let x(b) = -b**3 + 8*b - 3. Let m be x(3). Let r be -3*m/45 - (-36)/10. Let c(u) = 0*u - 1 + r - 9*u - 4. Give c(-1).
8
Let u(v) = -6*v**2 + 5*v. Let f be (4/(-3))/(8/(-42)) + -3 + -2. Give u(f).
-14
Suppose 4*m + 2*a - 65 = -41, 0 = 2*m - 4*a - 12. Let t(v) = v**3 - 5*v**2 + 4. What is t(m)?
40
Let m(s) = -2*s**2 - 61*s - 473. Let f be m(-15). Let p(j) = j**2 + 9*j + 21. Give p(f).
13
Let j(y) = 2*y**2 - 11*y. Let l(x) = 1309*x - 13. Let s be l(1). Let f be s/168 + (-2)/(-7). Calculate j(f).
40
Suppose 15*h + 6*h = 546. Let a(o) = 4 + 25*o**2 - 7*o - o**3 - h*o**2 + 9*o**2. Let g be (-2 + 3 + -8)/(-1). Give a(g).
4
Let z = 3396 + -3396. Let w(o) = 3*o - 24. Give w(z).
-24
Let u = 92 + -81. Suppose -12 = 15*h - u*h. Let s(j) = j - 5. Let i(m) = -2*m + 11. Let x(p) = 3*i(p) + 7*s(p). Determine x(h).
-5
Let h(s) = -7*s - 26. Let q = -10510 + 10518. What is h(q)?
-82
Suppose 0 = -5*f - 33 - 17. Let b(w) = 3*w**2 - 28*w + 32. Let v be b(8). Let z(r) = 35*r - 7 + r**3 + 11*r**2 - 45*r + 20*r + v*r**2. Give z(f).
-7
Let n(m) = 4*m - m**2 - 2*m - 6*m - 16 - 6*m. Determine n(-5).
9
Let s(i) be the first derivative of 9*i**2/2 + 3*i - 796. Give s(1).
12
Suppose -9*m + 92 - 56 = -18. Let k(q) = -16*q + 93. Calculate k(m).
-3
Let d(o) = -3*o + 42 - 125 + 39 + 53. Determine d(16).
-39
Let o(c) be the first derivative of -1/2*c**4 + 1/2*c**2 - 2/3*c**3 + 0*c + 128. What is o(-2)?
6
Let o(h) = -h**3 - 11*h**2 + 27*h + 17. Let a be o(-13). Suppose 5*s + 24 = -a*b, -2*s - 3*b = -0*b + 11. Let j(c) = -c**3 - 6*c**2 - 7*c - 4. Determine j(s).
-8
Suppose -40 = 5*i - 5. Let u(r) be the third derivative of r**4/24 - 4*r**3/3 + 3*r**2 - 217*r 